{"id":73,"date":"2019-11-20T10:13:53","date_gmt":"2019-11-20T10:13:53","guid":{"rendered":"http:\/\/spectral-unternehmensberatung.de\/?page_id=73"},"modified":"2019-11-20T10:13:53","modified_gmt":"2019-11-20T10:13:53","slug":"dis-optimierung","status":"publish","type":"page","link":"http:\/\/spectral-unternehmensberatung.de\/?page_id=73","title":{"rendered":"DIS-Optimierung"},"content":{"rendered":"\n<ul><li><strong>Einsatzgebiet<\/strong> &#8211; Berechnung optimaler Standorte f\u00fcr ein Distributionssystem<\/li><li><strong>Leistungsumfang<\/strong> &#8211; F\u00fcr eine vorgegebene Anzahl Standorte wird auf Basis verdichteter Liefermengen deren optimale Lage und die zugeh\u00f6rigen Liefergebiete berechnet <\/li><li><strong>Eingabe<\/strong> &#8211; Liefermengen verdichtet auf Gebiete (z.B. 2- oder 3-stellige Postleitzahlbezirke) oder auf fixe Standorte<\/li><li><strong>Ergebnis<\/strong> &#8211; Darstellung der Lage von Standorten und Liefergebieten<\/li><li><strong>Besonderheiten<\/strong> &#8211; Ber\u00fccksichtigung von Produktionsstandorten (2-stufige Berechnung)<\/li><li><strong>Beispiele<\/strong> &#8211; Karte Standorte &#8211; Karte Liefergebiete<\/li><\/ul>\n\n\n\n<figure class=\"wp-block-image size-large\"><img loading=\"lazy\" decoding=\"async\" width=\"1021\" height=\"720\" src=\"http:\/\/spectral-unternehmensberatung.de\/wp-content\/uploads\/2019\/11\/screenshot_optimierung.jpg\" alt=\"\" class=\"wp-image-75\" srcset=\"http:\/\/spectral-unternehmensberatung.de\/wp-content\/uploads\/2019\/11\/screenshot_optimierung.jpg 1021w, http:\/\/spectral-unternehmensberatung.de\/wp-content\/uploads\/2019\/11\/screenshot_optimierung-300x212.jpg 300w, http:\/\/spectral-unternehmensberatung.de\/wp-content\/uploads\/2019\/11\/screenshot_optimierung-768x542.jpg 768w, http:\/\/spectral-unternehmensberatung.de\/wp-content\/uploads\/2019\/11\/screenshot_optimierung-540x381.jpg 540w\" sizes=\"(max-width: 1021px) 100vw, 1021px\" \/><\/figure>\n","protected":false},"excerpt":{"rendered":"<p>Einsatzgebiet &#8211; Berechnung optimaler Standorte f\u00fcr ein Distributionssystem Leistungsumfang &#8211; F\u00fcr eine vorgegebene Anzahl Standorte wird auf Basis verdichteter Liefermengen deren optimale Lage und die zugeh\u00f6rigen Liefergebiete berechnet&hellip;<\/p>\n","protected":false},"author":1,"featured_media":0,"parent":0,"menu_order":0,"comment_status":"closed","ping_status":"closed","template":"","meta":{"footnotes":""},"_links":{"self":[{"href":"http:\/\/spectral-unternehmensberatung.de\/index.php?rest_route=\/wp\/v2\/pages\/73"}],"collection":[{"href":"http:\/\/spectral-unternehmensberatung.de\/index.php?rest_route=\/wp\/v2\/pages"}],"about":[{"href":"http:\/\/spectral-unternehmensberatung.de\/index.php?rest_route=\/wp\/v2\/types\/page"}],"author":[{"embeddable":true,"href":"http:\/\/spectral-unternehmensberatung.de\/index.php?rest_route=\/wp\/v2\/users\/1"}],"replies":[{"embeddable":true,"href":"http:\/\/spectral-unternehmensberatung.de\/index.php?rest_route=%2Fwp%2Fv2%2Fcomments&post=73"}],"version-history":[{"count":1,"href":"http:\/\/spectral-unternehmensberatung.de\/index.php?rest_route=\/wp\/v2\/pages\/73\/revisions"}],"predecessor-version":[{"id":76,"href":"http:\/\/spectral-unternehmensberatung.de\/index.php?rest_route=\/wp\/v2\/pages\/73\/revisions\/76"}],"wp:attachment":[{"href":"http:\/\/spectral-unternehmensberatung.de\/index.php?rest_route=%2Fwp%2Fv2%2Fmedia&parent=73"}],"curies":[{"name":"wp","href":"https:\/\/api.w.org\/{rel}","templated":true}]}}