{"id":71,"date":"2019-11-20T10:08:52","date_gmt":"2019-11-20T10:08:52","guid":{"rendered":"http:\/\/spectral-unternehmensberatung.de\/?page_id=71"},"modified":"2019-11-20T10:08:52","modified_gmt":"2019-11-20T10:08:52","slug":"dis-tarif","status":"publish","type":"page","link":"http:\/\/spectral-unternehmensberatung.de\/?page_id=71","title":{"rendered":"DIS-Tarif"},"content":{"rendered":"\n<ul><li><strong>Einsatzgebiet<\/strong> &#8211; Berechnung von Transportkosten<\/li><li><strong>Leistungsumfang<\/strong> &#8211; Bewertung von Warenstr\u00f6men in einem Netzwerk auf Basis einzelner Sendungen oder geb\u00fcndelter Transportstr\u00f6me und w\u00e4hlbaren Transportkostenfunktionen <\/li><li><strong>Ergebnis:<\/strong><ul><li>Transportkosten der Sendungen<\/li><li>Aggregierung nach Vor-, Haupt- und Nachlaufkosten<\/li><li>spezifische Transportkosten<\/li><li>Transportzeiten<\/li><\/ul><\/li><li><strong>Besonderheiten<\/strong> &#8211; Neuzuordnung von Kunden zu L\u00e4gern (manuell durch Modifikation von Liefergebieten oder durch errechnete Liefergebiete mittels DIS-Optimierung<\/li><li><strong>Beispiele<\/strong> &#8211; Spezifische Transportkosten &#8211; Transportzeiten<\/li><\/ul>\n","protected":false},"excerpt":{"rendered":"<p>Einsatzgebiet &#8211; Berechnung von Transportkosten Leistungsumfang &#8211; Bewertung von Warenstr\u00f6men in einem Netzwerk auf Basis einzelner Sendungen oder geb\u00fcndelter Transportstr\u00f6me und w\u00e4hlbaren Transportkostenfunktionen Ergebnis: Transportkosten der Sendungen Aggregierung&hellip;<\/p>\n","protected":false},"author":1,"featured_media":0,"parent":0,"menu_order":0,"comment_status":"closed","ping_status":"closed","template":"","meta":{"footnotes":""},"_links":{"self":[{"href":"http:\/\/spectral-unternehmensberatung.de\/index.php?rest_route=\/wp\/v2\/pages\/71"}],"collection":[{"href":"http:\/\/spectral-unternehmensberatung.de\/index.php?rest_route=\/wp\/v2\/pages"}],"about":[{"href":"http:\/\/spectral-unternehmensberatung.de\/index.php?rest_route=\/wp\/v2\/types\/page"}],"author":[{"embeddable":true,"href":"http:\/\/spectral-unternehmensberatung.de\/index.php?rest_route=\/wp\/v2\/users\/1"}],"replies":[{"embeddable":true,"href":"http:\/\/spectral-unternehmensberatung.de\/index.php?rest_route=%2Fwp%2Fv2%2Fcomments&post=71"}],"version-history":[{"count":1,"href":"http:\/\/spectral-unternehmensberatung.de\/index.php?rest_route=\/wp\/v2\/pages\/71\/revisions"}],"predecessor-version":[{"id":72,"href":"http:\/\/spectral-unternehmensberatung.de\/index.php?rest_route=\/wp\/v2\/pages\/71\/revisions\/72"}],"wp:attachment":[{"href":"http:\/\/spectral-unternehmensberatung.de\/index.php?rest_route=%2Fwp%2Fv2%2Fmedia&parent=71"}],"curies":[{"name":"wp","href":"https:\/\/api.w.org\/{rel}","templated":true}]}}