{"id":59,"date":"2019-11-20T10:00:03","date_gmt":"2019-11-20T10:00:03","guid":{"rendered":"http:\/\/spectral-unternehmensberatung.de\/?page_id=59"},"modified":"2019-11-20T10:00:03","modified_gmt":"2019-11-20T10:00:03","slug":"unser-team","status":"publish","type":"page","link":"http:\/\/spectral-unternehmensberatung.de\/?page_id=59","title":{"rendered":"Unser Team"},"content":{"rendered":"\n<h4 class=\"wp-block-heading\">Dipl.-Math. Ulrich Hoya<\/h4>\n\n\n\n<p>Ulrich Hoya ist seit \u00fcber 30 Jahren im Bereich Distributions- und Beschaffungslogistik t\u00e4tig und fast ebenso lange im Bereich der Programmierung zu Hause. Er ist seit 1988 Gesch\u00e4ftsf\u00fchrer der spectral Unternehmensberatung GmbH <\/p>\n\n\n\n<h4 class=\"wp-block-heading\">Prof. Dr. Hans-Werner Graf<\/h4>\n\n\n\n<p>Hans-Werner Graf ist studierter Informatiker, hat an der Universit\u00e4t Dortmund \u00fcber ein Logistikthema promoviert und ist derzeit Professor f\u00fcr Wirtschaftsinformatik, insbesondere Supply Chain Management, an der <a href=\"http:\/\/www.fh-dortmund.de\/de\/fb\/9\/personen\/lehr\/graf\/index.php\">Fachhochschule Dortmund<\/a>. <\/p>\n","protected":false},"excerpt":{"rendered":"<p>Dipl.-Math. Ulrich Hoya Ulrich Hoya ist seit \u00fcber 30 Jahren im Bereich Distributions- und Beschaffungslogistik t\u00e4tig und fast ebenso lange im Bereich der Programmierung zu Hause. Er ist&hellip;<\/p>\n","protected":false},"author":1,"featured_media":0,"parent":0,"menu_order":0,"comment_status":"closed","ping_status":"closed","template":"","meta":{"footnotes":""},"_links":{"self":[{"href":"http:\/\/spectral-unternehmensberatung.de\/index.php?rest_route=\/wp\/v2\/pages\/59"}],"collection":[{"href":"http:\/\/spectral-unternehmensberatung.de\/index.php?rest_route=\/wp\/v2\/pages"}],"about":[{"href":"http:\/\/spectral-unternehmensberatung.de\/index.php?rest_route=\/wp\/v2\/types\/page"}],"author":[{"embeddable":true,"href":"http:\/\/spectral-unternehmensberatung.de\/index.php?rest_route=\/wp\/v2\/users\/1"}],"replies":[{"embeddable":true,"href":"http:\/\/spectral-unternehmensberatung.de\/index.php?rest_route=%2Fwp%2Fv2%2Fcomments&post=59"}],"version-history":[{"count":1,"href":"http:\/\/spectral-unternehmensberatung.de\/index.php?rest_route=\/wp\/v2\/pages\/59\/revisions"}],"predecessor-version":[{"id":61,"href":"http:\/\/spectral-unternehmensberatung.de\/index.php?rest_route=\/wp\/v2\/pages\/59\/revisions\/61"}],"wp:attachment":[{"href":"http:\/\/spectral-unternehmensberatung.de\/index.php?rest_route=%2Fwp%2Fv2%2Fmedia&parent=59"}],"curies":[{"name":"wp","href":"https:\/\/api.w.org\/{rel}","templated":true}]}}

<h4 class="wp-block-heading">Dipl.-Math. Ulrich Hoya</h4>



<p>Ulrich Hoya ist seit über 30 Jahren im Bereich Distributions- und Beschaffungslogistik tätig und fast ebenso lange im Bereich der Programmierung zu Hause. Er ist seit 1988 Geschäftsführer der spectral Unternehmensberatung GmbH </p>



<h4 class="wp-block-heading">Prof. Dr. Hans-Werner Graf</h4>



<p>Hans-Werner Graf ist studierter Informatiker, hat an der Universität Dortmund über ein Logistikthema promoviert und ist derzeit Professor für Wirtschaftsinformatik, insbesondere Supply Chain Management, an der <a href="http://www.fh-dortmund.de/de/fb/9/personen/lehr/graf/index.php">Fachhochschule Dortmund</a>. </p>

<p>Dipl.-Math. Ulrich Hoya Ulrich Hoya ist seit über 30 Jahren im Bereich Distributions- und Beschaffungslogistik tätig und fast ebenso lange im Bereich der Programmierung zu Hause. Er ist&hellip;</p>
