{"id":56,"date":"2019-11-20T09:58:00","date_gmt":"2019-11-20T09:58:00","guid":{"rendered":"http:\/\/spectral-unternehmensberatung.de\/?page_id=56"},"modified":"2019-11-20T09:58:00","modified_gmt":"2019-11-20T09:58:00","slug":"unsere-zielgruppen","status":"publish","type":"page","link":"http:\/\/spectral-unternehmensberatung.de\/?page_id=56","title":{"rendered":"Unsere Zielgruppen"},"content":{"rendered":"\n<p>Unsere Kunden sind<\/p>\n\n\n\n<p>Firmen, die eine fundierte Analyse Ihrer Logistik ben\u00f6tigen, z.B.:<\/p>\n\n\n\n<ul><li>Verlader<\/li><li>Logistikdienstleister<\/li><li>Logistikberater, die eine DV-gest\u00fctze Abbildung ihrer Reorganisierungsvorschl\u00e4ge ben\u00f6tigen<\/li><\/ul>\n\n\n\n<p>Viele unserer Kunden arbeiten schon lange Jahre mit uns zusammen, aber manchmal reicht auch eine einmalige Analyse und Optimierung.<\/p>\n\n\n\n<p>Unsere Beratung ist Vertrauenssache.<br>Referenzen stellen wir Ihnen im pers\u00f6nlichen Kontakt gern vor. <\/p>\n","protected":false},"excerpt":{"rendered":"<p>Unsere Kunden sind Firmen, die eine fundierte Analyse Ihrer Logistik ben\u00f6tigen, z.B.: Verlader Logistikdienstleister Logistikberater, die eine DV-gest\u00fctze Abbildung ihrer Reorganisierungsvorschl\u00e4ge ben\u00f6tigen Viele unserer Kunden arbeiten schon lange&hellip;<\/p>\n","protected":false},"author":1,"featured_media":0,"parent":0,"menu_order":0,"comment_status":"closed","ping_status":"closed","template":"","meta":{"footnotes":""},"_links":{"self":[{"href":"http:\/\/spectral-unternehmensberatung.de\/index.php?rest_route=\/wp\/v2\/pages\/56"}],"collection":[{"href":"http:\/\/spectral-unternehmensberatung.de\/index.php?rest_route=\/wp\/v2\/pages"}],"about":[{"href":"http:\/\/spectral-unternehmensberatung.de\/index.php?rest_route=\/wp\/v2\/types\/page"}],"author":[{"embeddable":true,"href":"http:\/\/spectral-unternehmensberatung.de\/index.php?rest_route=\/wp\/v2\/users\/1"}],"replies":[{"embeddable":true,"href":"http:\/\/spectral-unternehmensberatung.de\/index.php?rest_route=%2Fwp%2Fv2%2Fcomments&post=56"}],"version-history":[{"count":1,"href":"http:\/\/spectral-unternehmensberatung.de\/index.php?rest_route=\/wp\/v2\/pages\/56\/revisions"}],"predecessor-version":[{"id":58,"href":"http:\/\/spectral-unternehmensberatung.de\/index.php?rest_route=\/wp\/v2\/pages\/56\/revisions\/58"}],"wp:attachment":[{"href":"http:\/\/spectral-unternehmensberatung.de\/index.php?rest_route=%2Fwp%2Fv2%2Fmedia&parent=56"}],"curies":[{"name":"wp","href":"https:\/\/api.w.org\/{rel}","templated":true}]}}

<p>Unsere Kunden sind</p>



<p>Firmen, die eine fundierte Analyse Ihrer Logistik benötigen, z.B.:</p>



<ul><li>Verlader</li><li>Logistikdienstleister</li><li>Logistikberater, die eine DV-gestütze Abbildung ihrer Reorganisierungsvorschläge benötigen</li></ul>



<p>Viele unserer Kunden arbeiten schon lange Jahre mit uns zusammen, aber manchmal reicht auch eine einmalige Analyse und Optimierung.</p>



<p>Unsere Beratung ist Vertrauenssache.<br>Referenzen stellen wir Ihnen im persönlichen Kontakt gern vor. </p>

<p>Unsere Kunden sind Firmen, die eine fundierte Analyse Ihrer Logistik benötigen, z.B.: Verlader Logistikdienstleister Logistikberater, die eine DV-gestütze Abbildung ihrer Reorganisierungsvorschläge benötigen Viele unserer Kunden arbeiten schon lange&hellip;</p>
